{"id":3108,"date":"2026-07-28T10:00:55","date_gmt":"2026-07-28T08:00:55","guid":{"rendered":"https:\/\/landeco-preproduction.fr\/locationbrassenx.fr\/?post_type=product&#038;p=3108"},"modified":"2026-07-28T10:06:55","modified_gmt":"2026-07-28T08:06:55","slug":"location-utilitaire-2m3a-morcenx-la-nouvelle-dans-les-landes","status":"publish","type":"product","link":"https:\/\/landeco-preproduction.fr\/locationbrassenx.fr\/produit\/location-utilitaire-2m3a-morcenx-la-nouvelle-dans-les-landes\/","title":{"rendered":"Location UTILITAIRE 2M3<br \/>\u00e0 Morcenx la Nouvelle dans les Landes"},"content":{"rendered":"","protected":false},"excerpt":{"rendered":"<p>La location du Brassenx, sp\u00e9cialiste de la location \u00e0 Morcenx la Nouvelle dans les Landes vous propose ce v\u00e9hicule utilitaire d&rsquo;un volume de 2m<sup>3<\/sup>.<\/p>\n<p>Id\u00e9al pour les particuliers et les professionnels, ce camion utilitaire est\u00a0l&rsquo;utilitaire du plus petit gabarit que nous ayons. De fa\u00e7on ponctuelle ou prolong\u00e9e il est disponible pour vous \u00e0 la location dans notre agence.<\/p>\n<p>Le 2m3 est tr\u00e8s pl\u00e9biscit\u00e9 pour le transports de cartons et d&rsquo;objets encombrants.<br \/>\nTr\u00e8s pratique aussi lors de vos d\u00e9m\u00e9nagements, il transportera vos meubles sans encombre et vous profiterez d&rsquo;un v\u00e9hicule confortable et fonctionnel.<\/p>\n<p>Il a tout les atouts d&rsquo;une grande voiture en gardant les avantages d&rsquo;un utilitaire.<br \/>\nFacile \u00e0 manier, il est le v\u00e9hicule id\u00e9al pour circuler ais\u00e9ment en ville.<br \/>\nFaire un trajet en utilitaire 2m3 est \u00e9conomique par rapport \u00e0 un utilitaire plus grand. Un avantage suppl\u00e9mentaire : Il correspond \u00e0 une cat\u00e9gorie de p\u00e9age 1.<\/p>\n<p>\u00c9quip\u00e9 de climatisation, de radar de recul et de la navigation, vous circulerez en tout confort.<\/p>\n<p>Dimensions int\u00e9rieures :<br \/>\nLongueur :\u00a01.75 m au plancher \/ 1.55 m \u00e0 50 cm de haut<br \/>\nLargeur 1.20 m<br \/>\nHauteur 1.13 m<br \/>\nCharge utile : 1415kg<br \/>\n1 porte lat\u00e9rale coulissante + 1 porte arri\u00e8re double battant<\/p>\n<p><span class=\"entete3\">Location <\/span>\u00e0 partir de 50\u20ac (hors assurance) la 1\/2 journ\u00e9e en semaine &#8211; 50km inclus &#8211; 0,30\u20ac cts le km suppl\u00e9mentaire<\/p>\n<p>Le tarif d\u00e9pend de la dur\u00e9e de location et du nombre de kilom\u00e8tres que vous pensez parcourir.<\/p>\n<p>N&rsquo;h\u00e9sitez pas \u00e0 demander votre \u00e9tude personnalis\u00e9e en utilisant le formulaire de contact.<\/p>\n","protected":false},"featured_media":0,"template":"","meta":{"_acf_changed":false},"product_brand":[],"product_cat":[28,26],"product_tag":[],"class_list":["post-3108","product","type-product","status-publish","product_cat-location-de-vehicules-utilitaires-dans-les-landes","product_cat-location-de-vehicules-utilitaires-et-tourisme-dans-les-landes","first","instock","shipping-taxable","product-type-simple"],"acf":[],"_links":{"self":[{"href":"https:\/\/landeco-preproduction.fr\/locationbrassenx.fr\/wp-json\/wp\/v2\/product\/3108","targetHints":{"allow":["GET"]}}],"collection":[{"href":"https:\/\/landeco-preproduction.fr\/locationbrassenx.fr\/wp-json\/wp\/v2\/product"}],"about":[{"href":"https:\/\/landeco-preproduction.fr\/locationbrassenx.fr\/wp-json\/wp\/v2\/types\/product"}],"version-history":[{"count":2,"href":"https:\/\/landeco-preproduction.fr\/locationbrassenx.fr\/wp-json\/wp\/v2\/product\/3108\/revisions"}],"predecessor-version":[{"id":3110,"href":"https:\/\/landeco-preproduction.fr\/locationbrassenx.fr\/wp-json\/wp\/v2\/product\/3108\/revisions\/3110"}],"wp:attachment":[{"href":"https:\/\/landeco-preproduction.fr\/locationbrassenx.fr\/wp-json\/wp\/v2\/media?parent=3108"}],"wp:term":[{"taxonomy":"product_brand","embeddable":true,"href":"https:\/\/landeco-preproduction.fr\/locationbrassenx.fr\/wp-json\/wp\/v2\/product_brand?post=3108"},{"taxonomy":"product_cat","embeddable":true,"href":"https:\/\/landeco-preproduction.fr\/locationbrassenx.fr\/wp-json\/wp\/v2\/product_cat?post=3108"},{"taxonomy":"product_tag","embeddable":true,"href":"https:\/\/landeco-preproduction.fr\/locationbrassenx.fr\/wp-json\/wp\/v2\/product_tag?post=3108"}],"curies":[{"name":"wp","href":"https:\/\/api.w.org\/{rel}","templated":true}]}}

Location UTILITAIRE 2M3<br />à Morcenx la Nouvelle dans les Landes

<p>La location du Brassenx, spécialiste de la location à Morcenx la Nouvelle dans les Landes vous propose ce véhicule utilitaire d&rsquo;un volume de 2m<sup>3</sup>.</p>
<p>Idéal pour les particuliers et les professionnels, ce camion utilitaire est l&rsquo;utilitaire du plus petit gabarit que nous ayons. De façon ponctuelle ou prolongée il est disponible pour vous à la location dans notre agence.</p>
<p>Le 2m3 est très plébiscité pour le transports de cartons et d&rsquo;objets encombrants.<br />
Très pratique aussi lors de vos déménagements, il transportera vos meubles sans encombre et vous profiterez d&rsquo;un véhicule confortable et fonctionnel.</p>
<p>Il a tout les atouts d&rsquo;une grande voiture en gardant les avantages d&rsquo;un utilitaire.<br />
Facile à manier, il est le véhicule idéal pour circuler aisément en ville.<br />
Faire un trajet en utilitaire 2m3 est économique par rapport à un utilitaire plus grand. Un avantage supplémentaire : Il correspond à une catégorie de péage 1.</p>
<p>Équipé de climatisation, de radar de recul et de la navigation, vous circulerez en tout confort.</p>
<p>Dimensions intérieures :<br />
Longueur : 1.75 m au plancher / 1.55 m à 50 cm de haut<br />
Largeur 1.20 m<br />
Hauteur 1.13 m<br />
Charge utile : 1415kg<br />
1 porte latérale coulissante + 1 porte arrière double battant</p>
<p><span class="entete3">Location </span>à partir de 50€ (hors assurance) la 1/2 journée en semaine &#8211; 50km inclus &#8211; 0,30€ cts le km supplémentaire</p>
<p>Le tarif dépend de la durée de location et du nombre de kilomètres que vous pensez parcourir.</p>
<p>N&rsquo;hésitez pas à demander votre étude personnalisée en utilisant le formulaire de contact.</p>
