{"id":258,"date":"2026-02-13T14:07:09","date_gmt":"2026-02-13T13:07:09","guid":{"rendered":"https:\/\/landeco-preproduction.fr\/locationbrassenx.fr\/?post_type=product&#038;p=258"},"modified":"2026-07-28T14:29:11","modified_gmt":"2026-07-28T12:29:11","slug":"location-remorque-porte-voiture-a-morcenx-dans-les-landes","status":"publish","type":"product","link":"https:\/\/landeco-preproduction.fr\/locationbrassenx.fr\/produit\/location-remorque-porte-voiture-a-morcenx-dans-les-landes\/","title":{"rendered":"Location REMORQUE PORTE VOITURE<br \/>\u00e0 Morcenx la Nouvelle dans les Landes"},"content":{"rendered":"","protected":false},"excerpt":{"rendered":"<p>Vous avez besoin de louer une remorque porte voiture ?<\/p>\n<p>Location du Brassenx \u00e0 Morcenx la Nouvelle dans les Landes est \u00e0 votre disposition.<\/p>\n<p>Une voiture en panne ? Un v\u00e9hicule de collection \u00e0 transporter ? Une livraison d&rsquo;un v\u00e9hicule ? Quelques soient vos besoins n&rsquo;h\u00e9sitez pas \u00e0 nous contacter.<\/p>\n<p>Cette remorque PORTE VOITURE double essieux de la marque LIDER est tractable avec une boule de 50 mm de diam\u00e8tre.<\/p>\n<p>Le plateau fixe avec une surface anti-d\u00e9rapante couvre enti\u00e8rement l&rsquo;essieu pour offrir un plateau de 4,50m x 2,03m (97cm au passage int\u00e9rieur de roues).<\/p>\n<p>Pour simplifier votre chargement \/ d\u00e9chargement, elle est \u00e9quip\u00e9e\u00a0 de 2 rampes amovibles (35&#215;220 cm), un treuil manuel avec support amovible (droite ou gauche) et 2 cales de roues (\u00e0 vous de pr\u00e9voir les sangles !)<\/p>\n<p>Cette remorque n\u00e9cessite la pr\u00e9sentation du permis BE obligatoire<\/p>\n<p>PTAC : 2700 kgs<\/p>\n<p>Poids \u00e0 vide : 640 kgs<\/p>\n<p>Charge utile : 2060 kgs<\/p>\n<p>Compte tenu de son gabarit, cette remorque peut \u00e9galement vous permettre de transporter des grandes longueurs si besoin.<\/p>\n<p>&nbsp;<\/p>\n<p><strong>Tarifs de location TTC (hors assurance) :<\/strong><\/p>\n<p>Journ\u00e9e : 119 \u20ac<\/p>\n<p>Week-end : 179 \u20ac<\/p>\n<p>&nbsp;<\/p>\n<p>Si votre v\u00e9hicule ne permet pas de tracter cette remorque, notre large gamme de v\u00e9hicules utilitaires permettra certainement de vous proposer une solution.<\/p>\n<p>N&rsquo;h\u00e9sitez pas \u00e0 explorer la rubrique !<\/p>\n","protected":false},"featured_media":3055,"template":"","meta":{"_acf_changed":false},"product_brand":[],"product_cat":[28,26],"product_tag":[],"class_list":["post-258","product","type-product","status-publish","has-post-thumbnail","product_cat-location-de-vehicules-utilitaires-dans-les-landes","product_cat-location-de-vehicules-utilitaires-et-tourisme-dans-les-landes","first","instock","shipping-taxable","product-type-simple"],"acf":[],"_links":{"self":[{"href":"https:\/\/landeco-preproduction.fr\/locationbrassenx.fr\/wp-json\/wp\/v2\/product\/258","targetHints":{"allow":["GET"]}}],"collection":[{"href":"https:\/\/landeco-preproduction.fr\/locationbrassenx.fr\/wp-json\/wp\/v2\/product"}],"about":[{"href":"https:\/\/landeco-preproduction.fr\/locationbrassenx.fr\/wp-json\/wp\/v2\/types\/product"}],"version-history":[{"count":6,"href":"https:\/\/landeco-preproduction.fr\/locationbrassenx.fr\/wp-json\/wp\/v2\/product\/258\/revisions"}],"predecessor-version":[{"id":3121,"href":"https:\/\/landeco-preproduction.fr\/locationbrassenx.fr\/wp-json\/wp\/v2\/product\/258\/revisions\/3121"}],"wp:featuredmedia":[{"embeddable":true,"href":"https:\/\/landeco-preproduction.fr\/locationbrassenx.fr\/wp-json\/wp\/v2\/media\/3055"}],"wp:attachment":[{"href":"https:\/\/landeco-preproduction.fr\/locationbrassenx.fr\/wp-json\/wp\/v2\/media?parent=258"}],"wp:term":[{"taxonomy":"product_brand","embeddable":true,"href":"https:\/\/landeco-preproduction.fr\/locationbrassenx.fr\/wp-json\/wp\/v2\/product_brand?post=258"},{"taxonomy":"product_cat","embeddable":true,"href":"https:\/\/landeco-preproduction.fr\/locationbrassenx.fr\/wp-json\/wp\/v2\/product_cat?post=258"},{"taxonomy":"product_tag","embeddable":true,"href":"https:\/\/landeco-preproduction.fr\/locationbrassenx.fr\/wp-json\/wp\/v2\/product_tag?post=258"}],"curies":[{"name":"wp","href":"https:\/\/api.w.org\/{rel}","templated":true}]}}

Location REMORQUE PORTE VOITURE<br />à Morcenx la Nouvelle dans les Landes

<p>Vous avez besoin de louer une remorque porte voiture ?</p>
<p>Location du Brassenx à Morcenx la Nouvelle dans les Landes est à votre disposition.</p>
<p>Une voiture en panne ? Un véhicule de collection à transporter ? Une livraison d&rsquo;un véhicule ? Quelques soient vos besoins n&rsquo;hésitez pas à nous contacter.</p>
<p>Cette remorque PORTE VOITURE double essieux de la marque LIDER est tractable avec une boule de 50 mm de diamètre.</p>
<p>Le plateau fixe avec une surface anti-dérapante couvre entièrement l&rsquo;essieu pour offrir un plateau de 4,50m x 2,03m (97cm au passage intérieur de roues).</p>
<p>Pour simplifier votre chargement / déchargement, elle est équipée  de 2 rampes amovibles (35&#215;220 cm), un treuil manuel avec support amovible (droite ou gauche) et 2 cales de roues (à vous de prévoir les sangles !)</p>
<p>Cette remorque nécessite la présentation du permis BE obligatoire</p>
<p>PTAC : 2700 kgs</p>
<p>Poids à vide : 640 kgs</p>
<p>Charge utile : 2060 kgs</p>
<p>Compte tenu de son gabarit, cette remorque peut également vous permettre de transporter des grandes longueurs si besoin.</p>
<p>&nbsp;</p>
<p><strong>Tarifs de location TTC (hors assurance) :</strong></p>
<p>Journée : 119 €</p>
<p>Week-end : 179 €</p>
<p>&nbsp;</p>
<p>Si votre véhicule ne permet pas de tracter cette remorque, notre large gamme de véhicules utilitaires permettra certainement de vous proposer une solution.</p>
<p>N&rsquo;hésitez pas à explorer la rubrique !</p>
