{"id":254,"date":"2026-02-13T14:05:57","date_gmt":"2026-02-13T13:05:57","guid":{"rendered":"https:\/\/landeco-preproduction.fr\/locationbrassenx.fr\/?post_type=product&#038;p=254"},"modified":"2026-07-28T09:57:24","modified_gmt":"2026-07-28T07:57:24","slug":"location-camion-20m3-avec-hayon-a-morcenx-la-nouvelle-dans-les-landes","status":"publish","type":"product","link":"https:\/\/landeco-preproduction.fr\/locationbrassenx.fr\/produit\/location-camion-20m3-avec-hayon-a-morcenx-la-nouvelle-dans-les-landes\/","title":{"rendered":"Location CAMION 20M3 AVEC HAYON<br \/>\u00e0 Morcenx la Nouvelle dans les Landes"},"content":{"rendered":"","protected":false},"excerpt":{"rendered":"<p>La Location du Brassenx, sp\u00e9cialiste de la location \u00e0 Morcenx-la-Nouvelle dans les Landes vous propose de d\u00e9couvrir ce camion 20m3 avec hayon.<\/p>\n<p>Id\u00e9al pour les particuliers et les professionnels, ce camion utilitaire est \u00e0 la location dans notre agence de Morcenx-la-Nouvelle entre Bordeaux et Bayonne.<\/p>\n<p>Ce v\u00e9hicule est particuli\u00e8rement adapt\u00e9 \u00e0 la r\u00e9alisation de d\u00e9m\u00e9nagement. Il s&rsquo;agit de la taille id\u00e9ale pour d\u00e9m\u00e9nager une maison de type F4.<\/p>\n<p>Avec une large capacit\u00e9, ce camion dispose d&rsquo;un volume de 20m3.<\/p>\n<p>Le hayon facilite le chargement et le d\u00e9chargement de meubles et cartons.<\/p>\n<p>Dimensions int\u00e9rieures :<\/p>\n<p>Largeur : 2.10m<\/p>\n<p>Longueur : 4.30m<\/p>\n<p>Hauteur : 2.09m<\/p>\n<p>Charge utile : 790kg<\/p>\n<p>&nbsp;<\/p>\n<p>Location \u00e0 partir de 84\u20ac (hors assurance) la 1\/2 journ\u00e9e en semaine (50km inclus &#8211; 0,30\u20ac cts le km suppl\u00e9mentaire)<\/p>\n<p>Le tarif d\u00e9pend de la dur\u00e9e de location et du nombre de kilom\u00e8tres que vous pensez parcourir.<\/p>\n<p>N&rsquo;h\u00e9sitez pas \u00e0 demander votre \u00e9tude personnalis\u00e9e en utilisant le formulaire de contact.<\/p>\n","protected":false},"featured_media":3093,"template":"","meta":{"_acf_changed":false},"product_brand":[],"product_cat":[28,26],"product_tag":[],"class_list":["post-254","product","type-product","status-publish","has-post-thumbnail","product_cat-location-de-vehicules-utilitaires-dans-les-landes","product_cat-location-de-vehicules-utilitaires-et-tourisme-dans-les-landes","first","instock","shipping-taxable","product-type-simple"],"acf":[],"_links":{"self":[{"href":"https:\/\/landeco-preproduction.fr\/locationbrassenx.fr\/wp-json\/wp\/v2\/product\/254","targetHints":{"allow":["GET"]}}],"collection":[{"href":"https:\/\/landeco-preproduction.fr\/locationbrassenx.fr\/wp-json\/wp\/v2\/product"}],"about":[{"href":"https:\/\/landeco-preproduction.fr\/locationbrassenx.fr\/wp-json\/wp\/v2\/types\/product"}],"version-history":[{"count":7,"href":"https:\/\/landeco-preproduction.fr\/locationbrassenx.fr\/wp-json\/wp\/v2\/product\/254\/revisions"}],"predecessor-version":[{"id":3105,"href":"https:\/\/landeco-preproduction.fr\/locationbrassenx.fr\/wp-json\/wp\/v2\/product\/254\/revisions\/3105"}],"wp:featuredmedia":[{"embeddable":true,"href":"https:\/\/landeco-preproduction.fr\/locationbrassenx.fr\/wp-json\/wp\/v2\/media\/3093"}],"wp:attachment":[{"href":"https:\/\/landeco-preproduction.fr\/locationbrassenx.fr\/wp-json\/wp\/v2\/media?parent=254"}],"wp:term":[{"taxonomy":"product_brand","embeddable":true,"href":"https:\/\/landeco-preproduction.fr\/locationbrassenx.fr\/wp-json\/wp\/v2\/product_brand?post=254"},{"taxonomy":"product_cat","embeddable":true,"href":"https:\/\/landeco-preproduction.fr\/locationbrassenx.fr\/wp-json\/wp\/v2\/product_cat?post=254"},{"taxonomy":"product_tag","embeddable":true,"href":"https:\/\/landeco-preproduction.fr\/locationbrassenx.fr\/wp-json\/wp\/v2\/product_tag?post=254"}],"curies":[{"name":"wp","href":"https:\/\/api.w.org\/{rel}","templated":true}]}}

Location CAMION 20M3 AVEC HAYON<br />à Morcenx la Nouvelle dans les Landes

<p>La Location du Brassenx, spécialiste de la location à Morcenx-la-Nouvelle dans les Landes vous propose de découvrir ce camion 20m3 avec hayon.</p>
<p>Idéal pour les particuliers et les professionnels, ce camion utilitaire est à la location dans notre agence de Morcenx-la-Nouvelle entre Bordeaux et Bayonne.</p>
<p>Ce véhicule est particulièrement adapté à la réalisation de déménagement. Il s&rsquo;agit de la taille idéale pour déménager une maison de type F4.</p>
<p>Avec une large capacité, ce camion dispose d&rsquo;un volume de 20m3.</p>
<p>Le hayon facilite le chargement et le déchargement de meubles et cartons.</p>
<p>Dimensions intérieures :</p>
<p>Largeur : 2.10m</p>
<p>Longueur : 4.30m</p>
<p>Hauteur : 2.09m</p>
<p>Charge utile : 790kg</p>
<p>&nbsp;</p>
<p>Location à partir de 84€ (hors assurance) la 1/2 journée en semaine (50km inclus &#8211; 0,30€ cts le km supplémentaire)</p>
<p>Le tarif dépend de la durée de location et du nombre de kilomètres que vous pensez parcourir.</p>
<p>N&rsquo;hésitez pas à demander votre étude personnalisée en utilisant le formulaire de contact.</p>
