{"id":247,"date":"2026-02-13T14:03:24","date_gmt":"2026-02-13T13:03:24","guid":{"rendered":"https:\/\/landeco-preproduction.fr\/locationbrassenx.fr\/?post_type=product&#038;p=247"},"modified":"2026-07-28T14:21:51","modified_gmt":"2026-07-28T12:21:51","slug":"location-remorque-750-kg-a-morcenx-la-nouvelle-dans-les-landes","status":"publish","type":"product","link":"https:\/\/landeco-preproduction.fr\/locationbrassenx.fr\/produit\/location-remorque-750-kg-a-morcenx-la-nouvelle-dans-les-landes\/","title":{"rendered":"Location REMORQUE 750 kg<br \/>\u00e0 Morcenx la Nouvelle dans les Landes"},"content":{"rendered":"","protected":false},"excerpt":{"rendered":"<p>Avec Location du Brassenx \u00e0 Morcenx la Nouvelle dans les Landes, louez une remorque pas cher pour vos prochains travaux ou d\u00e9placements !<\/p>\n<p>Cette remorque est id\u00e9ale pour d\u00e9placer les charges d&rsquo;un poids maxi de 500 kg (PTAC : 750 kg).<\/p>\n<p>De plus elle est \u00e9quip\u00e9e de r\u00e9hausses grillag\u00e9es de 50 cm, id\u00e9ales notamment pour le transport de branches et autres d\u00e9chets verts.<\/p>\n<p>Dimensions utiles : 2m50 x 1m30<\/p>\n<p>&nbsp;<\/p>\n<p><strong>Tarifs de location TTC (hors assurance) :<\/strong><\/p>\n<p>Journ\u00e9e : 39\u20ac<\/p>\n<p>Week-end : 59\u20ac<\/p>\n<p>&nbsp;<\/p>\n<p>N&rsquo;h\u00e9sitez pas \u00e0 contacter notre \u00e9quipe pour tout renseignement compl\u00e9mentaire et pour r\u00e9server cette remorque.<\/p>\n<p>Nous avons toute une gamme de remorques, vous pouvez poursuivre dans la lecture de la rubrique pour d\u00e9couvrir nos autres produits.<\/p>\n","protected":false},"featured_media":442,"template":"","meta":{"_acf_changed":false},"product_brand":[],"product_cat":[28,26],"product_tag":[],"class_list":["post-247","product","type-product","status-publish","has-post-thumbnail","product_cat-location-de-vehicules-utilitaires-dans-les-landes","product_cat-location-de-vehicules-utilitaires-et-tourisme-dans-les-landes","first","instock","shipping-taxable","product-type-simple"],"acf":[],"_links":{"self":[{"href":"https:\/\/landeco-preproduction.fr\/locationbrassenx.fr\/wp-json\/wp\/v2\/product\/247","targetHints":{"allow":["GET"]}}],"collection":[{"href":"https:\/\/landeco-preproduction.fr\/locationbrassenx.fr\/wp-json\/wp\/v2\/product"}],"about":[{"href":"https:\/\/landeco-preproduction.fr\/locationbrassenx.fr\/wp-json\/wp\/v2\/types\/product"}],"version-history":[{"count":6,"href":"https:\/\/landeco-preproduction.fr\/locationbrassenx.fr\/wp-json\/wp\/v2\/product\/247\/revisions"}],"predecessor-version":[{"id":3120,"href":"https:\/\/landeco-preproduction.fr\/locationbrassenx.fr\/wp-json\/wp\/v2\/product\/247\/revisions\/3120"}],"wp:featuredmedia":[{"embeddable":true,"href":"https:\/\/landeco-preproduction.fr\/locationbrassenx.fr\/wp-json\/wp\/v2\/media\/442"}],"wp:attachment":[{"href":"https:\/\/landeco-preproduction.fr\/locationbrassenx.fr\/wp-json\/wp\/v2\/media?parent=247"}],"wp:term":[{"taxonomy":"product_brand","embeddable":true,"href":"https:\/\/landeco-preproduction.fr\/locationbrassenx.fr\/wp-json\/wp\/v2\/product_brand?post=247"},{"taxonomy":"product_cat","embeddable":true,"href":"https:\/\/landeco-preproduction.fr\/locationbrassenx.fr\/wp-json\/wp\/v2\/product_cat?post=247"},{"taxonomy":"product_tag","embeddable":true,"href":"https:\/\/landeco-preproduction.fr\/locationbrassenx.fr\/wp-json\/wp\/v2\/product_tag?post=247"}],"curies":[{"name":"wp","href":"https:\/\/api.w.org\/{rel}","templated":true}]}}

Location REMORQUE 750 kg<br />à Morcenx la Nouvelle dans les Landes

<p>Avec Location du Brassenx à Morcenx la Nouvelle dans les Landes, louez une remorque pas cher pour vos prochains travaux ou déplacements !</p>
<p>Cette remorque est idéale pour déplacer les charges d&rsquo;un poids maxi de 500 kg (PTAC : 750 kg).</p>
<p>De plus elle est équipée de réhausses grillagées de 50 cm, idéales notamment pour le transport de branches et autres déchets verts.</p>
<p>Dimensions utiles : 2m50 x 1m30</p>
<p>&nbsp;</p>
<p><strong>Tarifs de location TTC (hors assurance) :</strong></p>
<p>Journée : 39€</p>
<p>Week-end : 59€</p>
<p>&nbsp;</p>
<p>N&rsquo;hésitez pas à contacter notre équipe pour tout renseignement complémentaire et pour réserver cette remorque.</p>
<p>Nous avons toute une gamme de remorques, vous pouvez poursuivre dans la lecture de la rubrique pour découvrir nos autres produits.</p>
