{"id":241,"date":"2026-02-13T13:59:42","date_gmt":"2026-02-13T12:59:42","guid":{"rendered":"https:\/\/landeco-preproduction.fr\/locationbrassenx.fr\/?post_type=product&#038;p=241"},"modified":"2026-07-28T10:28:47","modified_gmt":"2026-07-28T08:28:47","slug":"location-voiture-sans-permis-a-morcenx-la-nouvelle-dans-les-landes","status":"publish","type":"product","link":"https:\/\/landeco-preproduction.fr\/locationbrassenx.fr\/produit\/location-voiture-sans-permis-a-morcenx-la-nouvelle-dans-les-landes\/","title":{"rendered":"Location VOITURE SANS PERMIS<br \/>\u00e0 Morcenx la Nouvelle dans les Landes"},"content":{"rendered":"","protected":false},"excerpt":{"rendered":"<p>Pas ou plus de permis !? Ne restez pas \u00e0 pied, louez une voiture sans permis.<\/p>\n<p>La Location du Brassenx \u00e0 Morcenx la Nouvelle dans les Landes vous propose \u00e0 la location une voiture sans permis.<\/p>\n<p>Avec un parcs de 3 voitures sans permis, \u00e0 motorisation diesel et m\u00e9canisation automatique, nous avons certainement le v\u00e9hicule qui vous convient.<\/p>\n<p>Nous ne louons pas de voiture sans permis aux personnes mineures puisque notre assurance couvre uniquement les conducteurs \u00e2g\u00e9s de plus de 18 ans.<\/p>\n<p>Les tarifs commencent \u00e0 partir de 16\u20ac \/ jour et la location se fait uniquement au mois.<\/p>\n<p>Le tarif de base est de 600 \u20ac &#8211; avec 1500 kms inclus et assurance comprise.<\/p>\n<p>Les tarifs sont d\u00e9gressifs d\u00e8s le 2e mois et selon la dur\u00e9e de location de voiture sans permis sont \u00e0 500\u20ac \/ mois pour une location minimum de 6 mois.<\/p>\n<p>N&rsquo;h\u00e9sitez pas \u00e0 nous demander votre \u00e9tude personnalis\u00e9e !<\/p>\n<p>Nous avons \u00e9galement la possibilit\u00e9 de livraison du v\u00e9hicule \u00e0 domicile ou sur votre lieu de travail.<\/p>\n","protected":false},"featured_media":3113,"template":"","meta":{"_acf_changed":false},"product_brand":[],"product_cat":[27,26],"product_tag":[],"class_list":["post-241","product","type-product","status-publish","has-post-thumbnail","product_cat-location-de-vehicules-de-tourisme-dans-les-landes","product_cat-location-de-vehicules-utilitaires-et-tourisme-dans-les-landes","first","instock","shipping-taxable","product-type-simple"],"acf":[],"_links":{"self":[{"href":"https:\/\/landeco-preproduction.fr\/locationbrassenx.fr\/wp-json\/wp\/v2\/product\/241","targetHints":{"allow":["GET"]}}],"collection":[{"href":"https:\/\/landeco-preproduction.fr\/locationbrassenx.fr\/wp-json\/wp\/v2\/product"}],"about":[{"href":"https:\/\/landeco-preproduction.fr\/locationbrassenx.fr\/wp-json\/wp\/v2\/types\/product"}],"version-history":[{"count":5,"href":"https:\/\/landeco-preproduction.fr\/locationbrassenx.fr\/wp-json\/wp\/v2\/product\/241\/revisions"}],"predecessor-version":[{"id":3115,"href":"https:\/\/landeco-preproduction.fr\/locationbrassenx.fr\/wp-json\/wp\/v2\/product\/241\/revisions\/3115"}],"wp:featuredmedia":[{"embeddable":true,"href":"https:\/\/landeco-preproduction.fr\/locationbrassenx.fr\/wp-json\/wp\/v2\/media\/3113"}],"wp:attachment":[{"href":"https:\/\/landeco-preproduction.fr\/locationbrassenx.fr\/wp-json\/wp\/v2\/media?parent=241"}],"wp:term":[{"taxonomy":"product_brand","embeddable":true,"href":"https:\/\/landeco-preproduction.fr\/locationbrassenx.fr\/wp-json\/wp\/v2\/product_brand?post=241"},{"taxonomy":"product_cat","embeddable":true,"href":"https:\/\/landeco-preproduction.fr\/locationbrassenx.fr\/wp-json\/wp\/v2\/product_cat?post=241"},{"taxonomy":"product_tag","embeddable":true,"href":"https:\/\/landeco-preproduction.fr\/locationbrassenx.fr\/wp-json\/wp\/v2\/product_tag?post=241"}],"curies":[{"name":"wp","href":"https:\/\/api.w.org\/{rel}","templated":true}]}}

Location VOITURE SANS PERMIS<br />à Morcenx la Nouvelle dans les Landes

<p>Pas ou plus de permis !? Ne restez pas à pied, louez une voiture sans permis.</p>
<p>La Location du Brassenx à Morcenx la Nouvelle dans les Landes vous propose à la location une voiture sans permis.</p>
<p>Avec un parcs de 3 voitures sans permis, à motorisation diesel et mécanisation automatique, nous avons certainement le véhicule qui vous convient.</p>
<p>Nous ne louons pas de voiture sans permis aux personnes mineures puisque notre assurance couvre uniquement les conducteurs âgés de plus de 18 ans.</p>
<p>Les tarifs commencent à partir de 16€ / jour et la location se fait uniquement au mois.</p>
<p>Le tarif de base est de 600 € &#8211; avec 1500 kms inclus et assurance comprise.</p>
<p>Les tarifs sont dégressifs dès le 2e mois et selon la durée de location de voiture sans permis sont à 500€ / mois pour une location minimum de 6 mois.</p>
<p>N&rsquo;hésitez pas à nous demander votre étude personnalisée !</p>
<p>Nous avons également la possibilité de livraison du véhicule à domicile ou sur votre lieu de travail.</p>
