{"id":240,"date":"2026-02-13T13:58:58","date_gmt":"2026-02-13T12:58:58","guid":{"rendered":"https:\/\/landeco-preproduction.fr\/locationbrassenx.fr\/?post_type=product&#038;p=240"},"modified":"2026-07-28T12:02:51","modified_gmt":"2026-07-28T10:02:51","slug":"location-minibus-9-places-a-morcenx-la-nouvelle-dans-les-landes","status":"publish","type":"product","link":"https:\/\/landeco-preproduction.fr\/locationbrassenx.fr\/produit\/location-minibus-9-places-a-morcenx-la-nouvelle-dans-les-landes\/","title":{"rendered":"Location MINIBUS 9 PLACES<br \/>\u00e0 Morcenx la Nouvelle dans les Landes"},"content":{"rendered":"","protected":false},"excerpt":{"rendered":"<p>Location du Brassenx \u00e0 Morcenx la Nouvelle dans les Landes, vous propose \u00e0 la location 2 v\u00e9hicules de tourisme &#8211; Minibus 9 places &#8211; Cat F.<\/p>\n<p>Ultra pratiques et confortables ils vous font b\u00e9n\u00e9ficier de nombreux avantages : boite automatique, r\u00e9gulateur de vitesse, radar de recul,\u00a0attache remorque,\u00a0climatisation, banquettes,<\/p>\n<p>amovibles pour un espace XXL, &#8230;<\/p>\n<p>Id\u00e9al pour vos d\u00e9placements de groupe, tourisme en famille, vacances entre amis, \u00e9v\u00e9nements sportifs etc&#8230; La route devient un plaisir !<\/p>\n<p>Les Pyr\u00e9n\u00e9es, la C\u00f4te Atlantique, les campagnes de Gascogne n&rsquo;auront plus de secret pour vous !<\/p>\n<p>Notre Peugeot Expert et notre Opel Vivaro sont disponibles sur simple r\u00e9servation dans notre agence \u00e0 Morcenx la Nouvelle.<\/p>\n<p>N&rsquo;h\u00e9sitez pas \u00e0 nous demander si vous souhaitez \u00eatre r\u00e9cup\u00e9r\u00e9 \u00e0 la gare SNCF de Morcenx la Nouvelle.<\/p>\n<p>Pour plus d&rsquo;autonomie, un service de bo\u00eete \u00e0 cl\u00e9 (en gare et en agence) vous permet de louer en dehors des horaires d&rsquo;ouverture de l&rsquo;agence.<\/p>\n<p>Pour toute demande de devis n&rsquo;h\u00e9sitez pas \u00e0 nous envoyer une demande en pr\u00e9cisant votre p\u00e9riode de location, la dur\u00e9e ainsi que le nombre de kilom\u00e8tres que vous allez effectuer sur la p\u00e9riode.<\/p>\n<p><a href=\"https:\/\/www.rentacar.fr\/agences\/v\/morcenx-40197\" target=\"_blank\" rel=\"noopener\">Ou rendez-vous ici pour rejoindre le site de l&rsquo;agence Rent A Car de Garrosse \/ Morcenx la Nouvelle<\/a><\/p>\n<p>Pour vos d\u00e9placements dans les Landes, \u00e0 partir de Morcenx la Nouvelle, Location du Brassenx vous accompagne sur vos voyages.<\/p>\n","protected":false},"featured_media":245,"template":"","meta":{"_acf_changed":false},"product_brand":[],"product_cat":[27,26],"product_tag":[],"class_list":["post-240","product","type-product","status-publish","has-post-thumbnail","product_cat-location-de-vehicules-de-tourisme-dans-les-landes","product_cat-location-de-vehicules-utilitaires-et-tourisme-dans-les-landes","first","instock","shipping-taxable","product-type-simple"],"acf":[],"_links":{"self":[{"href":"https:\/\/landeco-preproduction.fr\/locationbrassenx.fr\/wp-json\/wp\/v2\/product\/240","targetHints":{"allow":["GET"]}}],"collection":[{"href":"https:\/\/landeco-preproduction.fr\/locationbrassenx.fr\/wp-json\/wp\/v2\/product"}],"about":[{"href":"https:\/\/landeco-preproduction.fr\/locationbrassenx.fr\/wp-json\/wp\/v2\/types\/product"}],"version-history":[{"count":6,"href":"https:\/\/landeco-preproduction.fr\/locationbrassenx.fr\/wp-json\/wp\/v2\/product\/240\/revisions"}],"predecessor-version":[{"id":3116,"href":"https:\/\/landeco-preproduction.fr\/locationbrassenx.fr\/wp-json\/wp\/v2\/product\/240\/revisions\/3116"}],"wp:featuredmedia":[{"embeddable":true,"href":"https:\/\/landeco-preproduction.fr\/locationbrassenx.fr\/wp-json\/wp\/v2\/media\/245"}],"wp:attachment":[{"href":"https:\/\/landeco-preproduction.fr\/locationbrassenx.fr\/wp-json\/wp\/v2\/media?parent=240"}],"wp:term":[{"taxonomy":"product_brand","embeddable":true,"href":"https:\/\/landeco-preproduction.fr\/locationbrassenx.fr\/wp-json\/wp\/v2\/product_brand?post=240"},{"taxonomy":"product_cat","embeddable":true,"href":"https:\/\/landeco-preproduction.fr\/locationbrassenx.fr\/wp-json\/wp\/v2\/product_cat?post=240"},{"taxonomy":"product_tag","embeddable":true,"href":"https:\/\/landeco-preproduction.fr\/locationbrassenx.fr\/wp-json\/wp\/v2\/product_tag?post=240"}],"curies":[{"name":"wp","href":"https:\/\/api.w.org\/{rel}","templated":true}]}}

Location MINIBUS 9 PLACES<br />à Morcenx la Nouvelle dans les Landes

<p>Location du Brassenx à Morcenx la Nouvelle dans les Landes, vous propose à la location 2 véhicules de tourisme &#8211; Minibus 9 places &#8211; Cat F.</p>
<p>Ultra pratiques et confortables ils vous font bénéficier de nombreux avantages : boite automatique, régulateur de vitesse, radar de recul, attache remorque, climatisation, banquettes,</p>
<p>amovibles pour un espace XXL, &#8230;</p>
<p>Idéal pour vos déplacements de groupe, tourisme en famille, vacances entre amis, événements sportifs etc&#8230; La route devient un plaisir !</p>
<p>Les Pyrénées, la Côte Atlantique, les campagnes de Gascogne n&rsquo;auront plus de secret pour vous !</p>
<p>Notre Peugeot Expert et notre Opel Vivaro sont disponibles sur simple réservation dans notre agence à Morcenx la Nouvelle.</p>
<p>N&rsquo;hésitez pas à nous demander si vous souhaitez être récupéré à la gare SNCF de Morcenx la Nouvelle.</p>
<p>Pour plus d&rsquo;autonomie, un service de boîte à clé (en gare et en agence) vous permet de louer en dehors des horaires d&rsquo;ouverture de l&rsquo;agence.</p>
<p>Pour toute demande de devis n&rsquo;hésitez pas à nous envoyer une demande en précisant votre période de location, la durée ainsi que le nombre de kilomètres que vous allez effectuer sur la période.</p>
<p><a href="https://www.rentacar.fr/agences/v/morcenx-40197" target="_blank" rel="noopener">Ou rendez-vous ici pour rejoindre le site de l&rsquo;agence Rent A Car de Garrosse / Morcenx la Nouvelle</a></p>
<p>Pour vos déplacements dans les Landes, à partir de Morcenx la Nouvelle, Location du Brassenx vous accompagne sur vos voyages.</p>
