{"id":239,"date":"2026-02-13T13:58:17","date_gmt":"2026-02-13T12:58:17","guid":{"rendered":"https:\/\/landeco-preproduction.fr\/locationbrassenx.fr\/?post_type=product&#038;p=239"},"modified":"2026-07-28T11:03:22","modified_gmt":"2026-07-28T09:03:22","slug":"location-vehicule-particulier-a-morcenx-la-nouvelle-dans-les-landes","status":"publish","type":"product","link":"https:\/\/landeco-preproduction.fr\/locationbrassenx.fr\/produit\/location-vehicule-particulier-a-morcenx-la-nouvelle-dans-les-landes\/","title":{"rendered":"Location VEHICULE DE TOURISME<br \/>\u00e0 Morcenx la Nouvelle dans les Landes"},"content":{"rendered":"","protected":false},"excerpt":{"rendered":"<p>Vous connaissez la marque Rent A Car ?<\/p>\n<p>La location du Brassenx \u00e0 Morcenx-la-Nouvelle dans les Landes fait partie du r\u00e9seau Rent A car.<\/p>\n<p>Sp\u00e9cialiste de la location de voiture courte dur\u00e9e sur le march\u00e9 de proximit\u00e9, nous disposons d&rsquo;une vingtaine de v\u00e9hicules particuliers de tourisme allant de la cat\u00e9gorie B \u00e0 F, et d&rsquo;utilitaires de 2 \u00e0 20 m3.<\/p>\n<p>Retrouvez-nous tout au long de l&rsquo;ann\u00e9e \u00e0 notre agence situ\u00e9e \u00e0 Morcenx la Nouvelle dans les Landes.<\/p>\n<p>Nos diff\u00e9rents v\u00e9hicules \u00e0 disposition :<\/p>\n<p>Cat\u00e9gorie B : Peugeot 208, Opel Corsa<\/p>\n<p>Cat\u00e9gorie C : Peugeot 2008, Opel Mokka<\/p>\n<p>Cat\u00e9gorie D : Opel Grandland<\/p>\n<p>Cat\u00e9gorie F : Peugeot Expert, Opel Vivaro<\/p>\n<p>Cat\u00e9gorie 1 : Peugeot Partner 2m3<\/p>\n<p>Cat\u00e9gorie 2 : Peugeot Expert 6m3<\/p>\n<p>Cat\u00e9gorie 4 : Opel Movano 11m3, Peugeot Boxer 13m3<\/p>\n<p>Cat\u00e9gorie 5H : Peugeot Boxer 20m3 avec hayon<\/p>\n<p>Cat\u00e9gorie 6 : Peugeot Boxer benne (coffre cabine), Renault master benne (roues jumel\u00e9es)<\/p>\n<p>Nous proposons \u00e9galement la location de v\u00e9hicules frigorifiques de 2 \u00e0 7 m3.<\/p>\n<p>Dans le cadre de vos d\u00e9m\u00e9nagements, pour profitez d&rsquo;un week-end balade, en remplacement d&rsquo;un v\u00e9hicule, pour des transports volumineux, Nous vous proposons des offres de location de voiture de courte dur\u00e9e pour les particuliers et les professionnels aux meilleurs prix.<\/p>\n<p>Profitez de nos offres et de nos disponibilit\u00e9s en v\u00e9hicules de tourisme comme en utilitaire.<\/p>\n<p>Vous \u00eates un professionnel et vous avez besoin d&rsquo;une location de voiture longue dur\u00e9e? Appelez nous.<\/p>\n<p>Notre service location de voiture est \u00e0 votre enti\u00e8re disposition pour r\u00e9pondre \u00e0 vos demandes.<\/p>\n<p>Pour vos d\u00e9placements dans les Landes, \u00e0 partir de Morcenx la Nouvelle, la location du Brassenx vous accompagne sur vos voyages.<\/p>\n<p><strong><a href=\"https:\/\/www.rentacar.fr\/agences\/v\/morcenx-40197\" target=\"_blank\" rel=\"noopener\">Cliquez ici pour rejoindre le site de l&rsquo;agence Rent A Car &#8211; Garrosse \/ Morcenx la Nouvelle<\/a>\u00a0<\/strong><\/p>\n<p>N\u2019h\u00e9sitez pas \u00e0 nous contacter pour toute demande de location de voiture.<\/p>\n","protected":false},"featured_media":244,"template":"","meta":{"_acf_changed":false},"product_brand":[],"product_cat":[27,26],"product_tag":[],"class_list":["post-239","product","type-product","status-publish","has-post-thumbnail","product_cat-location-de-vehicules-de-tourisme-dans-les-landes","product_cat-location-de-vehicules-utilitaires-et-tourisme-dans-les-landes","first","instock","shipping-taxable","product-type-simple"],"acf":[],"_links":{"self":[{"href":"https:\/\/landeco-preproduction.fr\/locationbrassenx.fr\/wp-json\/wp\/v2\/product\/239","targetHints":{"allow":["GET"]}}],"collection":[{"href":"https:\/\/landeco-preproduction.fr\/locationbrassenx.fr\/wp-json\/wp\/v2\/product"}],"about":[{"href":"https:\/\/landeco-preproduction.fr\/locationbrassenx.fr\/wp-json\/wp\/v2\/types\/product"}],"version-history":[{"count":5,"href":"https:\/\/landeco-preproduction.fr\/locationbrassenx.fr\/wp-json\/wp\/v2\/product\/239\/revisions"}],"predecessor-version":[{"id":3111,"href":"https:\/\/landeco-preproduction.fr\/locationbrassenx.fr\/wp-json\/wp\/v2\/product\/239\/revisions\/3111"}],"wp:featuredmedia":[{"embeddable":true,"href":"https:\/\/landeco-preproduction.fr\/locationbrassenx.fr\/wp-json\/wp\/v2\/media\/244"}],"wp:attachment":[{"href":"https:\/\/landeco-preproduction.fr\/locationbrassenx.fr\/wp-json\/wp\/v2\/media?parent=239"}],"wp:term":[{"taxonomy":"product_brand","embeddable":true,"href":"https:\/\/landeco-preproduction.fr\/locationbrassenx.fr\/wp-json\/wp\/v2\/product_brand?post=239"},{"taxonomy":"product_cat","embeddable":true,"href":"https:\/\/landeco-preproduction.fr\/locationbrassenx.fr\/wp-json\/wp\/v2\/product_cat?post=239"},{"taxonomy":"product_tag","embeddable":true,"href":"https:\/\/landeco-preproduction.fr\/locationbrassenx.fr\/wp-json\/wp\/v2\/product_tag?post=239"}],"curies":[{"name":"wp","href":"https:\/\/api.w.org\/{rel}","templated":true}]}}

Location VEHICULE DE TOURISME<br />à Morcenx la Nouvelle dans les Landes

<p>Vous connaissez la marque Rent A Car ?</p>
<p>La location du Brassenx à Morcenx-la-Nouvelle dans les Landes fait partie du réseau Rent A car.</p>
<p>Spécialiste de la location de voiture courte durée sur le marché de proximité, nous disposons d&rsquo;une vingtaine de véhicules particuliers de tourisme allant de la catégorie B à F, et d&rsquo;utilitaires de 2 à 20 m3.</p>
<p>Retrouvez-nous tout au long de l&rsquo;année à notre agence située à Morcenx la Nouvelle dans les Landes.</p>
<p>Nos différents véhicules à disposition :</p>
<p>Catégorie B : Peugeot 208, Opel Corsa</p>
<p>Catégorie C : Peugeot 2008, Opel Mokka</p>
<p>Catégorie D : Opel Grandland</p>
<p>Catégorie F : Peugeot Expert, Opel Vivaro</p>
<p>Catégorie 1 : Peugeot Partner 2m3</p>
<p>Catégorie 2 : Peugeot Expert 6m3</p>
<p>Catégorie 4 : Opel Movano 11m3, Peugeot Boxer 13m3</p>
<p>Catégorie 5H : Peugeot Boxer 20m3 avec hayon</p>
<p>Catégorie 6 : Peugeot Boxer benne (coffre cabine), Renault master benne (roues jumelées)</p>
<p>Nous proposons également la location de véhicules frigorifiques de 2 à 7 m3.</p>
<p>Dans le cadre de vos déménagements, pour profitez d&rsquo;un week-end balade, en remplacement d&rsquo;un véhicule, pour des transports volumineux, Nous vous proposons des offres de location de voiture de courte durée pour les particuliers et les professionnels aux meilleurs prix.</p>
<p>Profitez de nos offres et de nos disponibilités en véhicules de tourisme comme en utilitaire.</p>
<p>Vous êtes un professionnel et vous avez besoin d&rsquo;une location de voiture longue durée? Appelez nous.</p>
<p>Notre service location de voiture est à votre entière disposition pour répondre à vos demandes.</p>
<p>Pour vos déplacements dans les Landes, à partir de Morcenx la Nouvelle, la location du Brassenx vous accompagne sur vos voyages.</p>
<p><strong><a href="https://www.rentacar.fr/agences/v/morcenx-40197" target="_blank" rel="noopener">Cliquez ici pour rejoindre le site de l&rsquo;agence Rent A Car &#8211; Garrosse / Morcenx la Nouvelle</a> </strong></p>
<p>N’hésitez pas à nous contacter pour toute demande de location de voiture.</p>
