{"id":173,"date":"2026-02-12T16:48:07","date_gmt":"2026-02-12T15:48:07","guid":{"rendered":"https:\/\/landeco-preproduction.fr\/locationbrassenx.fr\/?post_type=product&#038;p=173"},"modified":"2026-08-11T15:44:33","modified_gmt":"2026-08-11T13:44:33","slug":"location-taille-haie-sur-perche","status":"publish","type":"product","link":"https:\/\/landeco-preproduction.fr\/locationbrassenx.fr\/produit\/location-taille-haie-sur-perche\/","title":{"rendered":"Location TAILLE HAIE SUR PERCHE<br \/>\u00e0 Morcenx la Nouvelle dans les Landes"},"content":{"rendered":"","protected":false},"excerpt":{"rendered":"<p>Location du Brassenx situ\u00e9e \u00e0 Morcenx la Nouvelle dans les Landes vous propose \u00e0 la location un taille-haie sur perche de la marque STIHL.<\/p>\n<p>Con\u00e7u pour vous permettre de tailler sans effort et en toute s\u00e9curit\u00e9 toutes vos haies, m\u00eame les plus larges et les plus hautes, il va vous rendre la t\u00e2che de la taille haie bien plus simple.<\/p>\n<p>Finis les \u00e9chelles et \u00e9chafaudages ! Finis les man\u0153uvres intempestives et dangereuses !<\/p>\n<p>Cette gamme de taille-haies sur perche offre de nombreuses qualit\u00e9s pour faciliter le travail des jardiniers amateurs comme professionnels.<\/p>\n<p>Ne passez pas \u00e0 c\u00f4t\u00e9 d&rsquo;un confort de travail.<\/p>\n<p>L&rsquo;avantage de la location est que vous n&rsquo;avez pas besoin d&rsquo;investir dans du mat\u00e9riel neuf pour \u00eatre \u00e9quip\u00e9 d&rsquo;un bon mat\u00e9riel. Alors n&rsquo;h\u00e9sitez pas une seconde, rendez-vous \u00e0 Location du Brassenx \u00e0 Morcenx la Nouvelle.<\/p>\n<p>Ce taille haie sur perche vous permet de travailler \u00e0 une distance de 2m40.<\/p>\n<p>&nbsp;<\/p>\n<p><strong>Tarifs de location (ttc) :<\/strong><\/p>\n<p>Journ\u00e9e : 44\u20ac<\/p>\n<p>Week-end : 66\u20ac<\/p>\n","protected":false},"featured_media":3176,"template":"","meta":{"_acf_changed":false},"product_brand":[],"product_cat":[22,23],"product_tag":[],"class_list":["post-173","product","type-product","status-publish","has-post-thumbnail","product_cat-location-de-materiel-de-jardinage-dans-les-landes","product_cat-petits-travaux","first","instock","shipping-taxable","product-type-simple"],"acf":[],"_links":{"self":[{"href":"https:\/\/landeco-preproduction.fr\/locationbrassenx.fr\/wp-json\/wp\/v2\/product\/173","targetHints":{"allow":["GET"]}}],"collection":[{"href":"https:\/\/landeco-preproduction.fr\/locationbrassenx.fr\/wp-json\/wp\/v2\/product"}],"about":[{"href":"https:\/\/landeco-preproduction.fr\/locationbrassenx.fr\/wp-json\/wp\/v2\/types\/product"}],"version-history":[{"count":5,"href":"https:\/\/landeco-preproduction.fr\/locationbrassenx.fr\/wp-json\/wp\/v2\/product\/173\/revisions"}],"predecessor-version":[{"id":3177,"href":"https:\/\/landeco-preproduction.fr\/locationbrassenx.fr\/wp-json\/wp\/v2\/product\/173\/revisions\/3177"}],"wp:featuredmedia":[{"embeddable":true,"href":"https:\/\/landeco-preproduction.fr\/locationbrassenx.fr\/wp-json\/wp\/v2\/media\/3176"}],"wp:attachment":[{"href":"https:\/\/landeco-preproduction.fr\/locationbrassenx.fr\/wp-json\/wp\/v2\/media?parent=173"}],"wp:term":[{"taxonomy":"product_brand","embeddable":true,"href":"https:\/\/landeco-preproduction.fr\/locationbrassenx.fr\/wp-json\/wp\/v2\/product_brand?post=173"},{"taxonomy":"product_cat","embeddable":true,"href":"https:\/\/landeco-preproduction.fr\/locationbrassenx.fr\/wp-json\/wp\/v2\/product_cat?post=173"},{"taxonomy":"product_tag","embeddable":true,"href":"https:\/\/landeco-preproduction.fr\/locationbrassenx.fr\/wp-json\/wp\/v2\/product_tag?post=173"}],"curies":[{"name":"wp","href":"https:\/\/api.w.org\/{rel}","templated":true}]}}

Location TAILLE HAIE SUR PERCHE<br />à Morcenx la Nouvelle dans les Landes

<p>Location du Brassenx située à Morcenx la Nouvelle dans les Landes vous propose à la location un taille-haie sur perche de la marque STIHL.</p>
<p>Conçu pour vous permettre de tailler sans effort et en toute sécurité toutes vos haies, même les plus larges et les plus hautes, il va vous rendre la tâche de la taille haie bien plus simple.</p>
<p>Finis les échelles et échafaudages ! Finis les manœuvres intempestives et dangereuses !</p>
<p>Cette gamme de taille-haies sur perche offre de nombreuses qualités pour faciliter le travail des jardiniers amateurs comme professionnels.</p>
<p>Ne passez pas à côté d&rsquo;un confort de travail.</p>
<p>L&rsquo;avantage de la location est que vous n&rsquo;avez pas besoin d&rsquo;investir dans du matériel neuf pour être équipé d&rsquo;un bon matériel. Alors n&rsquo;hésitez pas une seconde, rendez-vous à Location du Brassenx à Morcenx la Nouvelle.</p>
<p>Ce taille haie sur perche vous permet de travailler à une distance de 2m40.</p>
<p>&nbsp;</p>
<p><strong>Tarifs de location (ttc) :</strong></p>
<p>Journée : 44€</p>
<p>Week-end : 66€</p>
