{"id":166,"date":"2026-02-12T16:43:19","date_gmt":"2026-02-12T15:43:19","guid":{"rendered":"https:\/\/landeco-preproduction.fr\/locationbrassenx.fr\/?post_type=product&#038;p=166"},"modified":"2026-08-11T14:21:06","modified_gmt":"2026-08-11T12:21:06","slug":"motoculteur-fraise-ou-charrue","status":"publish","type":"product","link":"https:\/\/landeco-preproduction.fr\/locationbrassenx.fr\/produit\/motoculteur-fraise-ou-charrue\/","title":{"rendered":"Location MOTOCULTEUR (+fraise ou charrue)<br \/>\u00e0 Morcenx la Nouvelle dans les Landes"},"content":{"rendered":"","protected":false},"excerpt":{"rendered":"<p>Vous avez besoin de louer un motoculteur pour pr\u00e9parer ou entretenir votre potager ?<\/p>\n<p>La Location du Brassenx \u00e0 Morcenx la Nouvelle dans les Landes est \u00e0 votre disposition.<\/p>\n<p>La polyvalence du motoculteur Ferrari 338 permet \u00e0 nos clients de satisfaire, \u00e0 n\u2019importe quelle saison de l\u2019ann\u00e9e, toute les exigences dans le secteur du labourage, le soin de potagers et jardins, l\u2019entretien des parcs.<\/p>\n<p>Gr\u00e2ce \u00e0 la maniabilit\u00e9 et \u00e0 la facilit\u00e9 d\u2019utilisation le motoculteur est utilisable par une large gamme d\u2019op\u00e9rateurs : de l\u2019agriculteur \u00e0 loisir \u00e0 l\u2019agriculteur professionnel, du particulier au responsable de l\u2019entretien d\u2019espaces verts.<\/p>\n<p>\u00c9quip\u00e9 de fraises ou d\u2019une charrue, ce motoculteur est l\u2019outil id\u00e9al pour pr\u00e9parer ou entretenir votre jardin.<\/p>\n<p>Motorisation : 10CV<\/p>\n<p>Nous vous proposons des tarifs de location \u00e0 la journ\u00e9e, le week-end ou sur plusieurs jours en fonction de vos besoins.<\/p>\n<p>Tarifs de location (ttc) :<\/p>\n<p>Journ\u00e9e : 143 \u20ac<\/p>\n<p>Week end : 215 \u20ac<\/p>\n<p>Outil suppl\u00e9mentaire (fraise ou charrue) : 35 \u20ac \/ jour<\/p>\n<p>&nbsp;<\/p>\n<p>Pour vos travaux dans les Landes, \u00e0 Morcenx la Nouvelle, pr\u00e8s de Mont de Marsan, Location du Brassenx accompagne les particuliers et les professionnels.<\/p>\n<p>N\u2019h\u00e9sitez pas \u00e0 nous contacter pour toute demande de location.<\/p>\n<p>Nous pouvons \u00e9galement livrer sur votre chantier.<\/p>\n<p>Consultez notre rubrique SERVICE DE LIVRAISON<\/p>\n","protected":false},"featured_media":188,"template":"","meta":{"_acf_changed":false},"product_brand":[],"product_cat":[22,23],"product_tag":[],"class_list":["post-166","product","type-product","status-publish","has-post-thumbnail","product_cat-location-de-materiel-de-jardinage-dans-les-landes","product_cat-petits-travaux","first","instock","shipping-taxable","product-type-simple"],"acf":[],"_links":{"self":[{"href":"https:\/\/landeco-preproduction.fr\/locationbrassenx.fr\/wp-json\/wp\/v2\/product\/166","targetHints":{"allow":["GET"]}}],"collection":[{"href":"https:\/\/landeco-preproduction.fr\/locationbrassenx.fr\/wp-json\/wp\/v2\/product"}],"about":[{"href":"https:\/\/landeco-preproduction.fr\/locationbrassenx.fr\/wp-json\/wp\/v2\/types\/product"}],"version-history":[{"count":3,"href":"https:\/\/landeco-preproduction.fr\/locationbrassenx.fr\/wp-json\/wp\/v2\/product\/166\/revisions"}],"predecessor-version":[{"id":3163,"href":"https:\/\/landeco-preproduction.fr\/locationbrassenx.fr\/wp-json\/wp\/v2\/product\/166\/revisions\/3163"}],"wp:featuredmedia":[{"embeddable":true,"href":"https:\/\/landeco-preproduction.fr\/locationbrassenx.fr\/wp-json\/wp\/v2\/media\/188"}],"wp:attachment":[{"href":"https:\/\/landeco-preproduction.fr\/locationbrassenx.fr\/wp-json\/wp\/v2\/media?parent=166"}],"wp:term":[{"taxonomy":"product_brand","embeddable":true,"href":"https:\/\/landeco-preproduction.fr\/locationbrassenx.fr\/wp-json\/wp\/v2\/product_brand?post=166"},{"taxonomy":"product_cat","embeddable":true,"href":"https:\/\/landeco-preproduction.fr\/locationbrassenx.fr\/wp-json\/wp\/v2\/product_cat?post=166"},{"taxonomy":"product_tag","embeddable":true,"href":"https:\/\/landeco-preproduction.fr\/locationbrassenx.fr\/wp-json\/wp\/v2\/product_tag?post=166"}],"curies":[{"name":"wp","href":"https:\/\/api.w.org\/{rel}","templated":true}]}}

Location MOTOCULTEUR (+fraise ou charrue)<br />à Morcenx la Nouvelle dans les Landes

<p>Vous avez besoin de louer un motoculteur pour préparer ou entretenir votre potager ?</p>
<p>La Location du Brassenx à Morcenx la Nouvelle dans les Landes est à votre disposition.</p>
<p>La polyvalence du motoculteur Ferrari 338 permet à nos clients de satisfaire, à n’importe quelle saison de l’année, toute les exigences dans le secteur du labourage, le soin de potagers et jardins, l’entretien des parcs.</p>
<p>Grâce à la maniabilité et à la facilité d’utilisation le motoculteur est utilisable par une large gamme d’opérateurs : de l’agriculteur à loisir à l’agriculteur professionnel, du particulier au responsable de l’entretien d’espaces verts.</p>
<p>Équipé de fraises ou d’une charrue, ce motoculteur est l’outil idéal pour préparer ou entretenir votre jardin.</p>
<p>Motorisation : 10CV</p>
<p>Nous vous proposons des tarifs de location à la journée, le week-end ou sur plusieurs jours en fonction de vos besoins.</p>
<p>Tarifs de location (ttc) :</p>
<p>Journée : 143 €</p>
<p>Week end : 215 €</p>
<p>Outil supplémentaire (fraise ou charrue) : 35 € / jour</p>
<p>&nbsp;</p>
<p>Pour vos travaux dans les Landes, à Morcenx la Nouvelle, près de Mont de Marsan, Location du Brassenx accompagne les particuliers et les professionnels.</p>
<p>N’hésitez pas à nous contacter pour toute demande de location.</p>
<p>Nous pouvons également livrer sur votre chantier.</p>
<p>Consultez notre rubrique SERVICE DE LIVRAISON</p>
