{"id":153,"date":"2026-02-12T16:16:30","date_gmt":"2026-02-12T15:16:30","guid":{"rendered":"https:\/\/landeco-preproduction.fr\/locationbrassenx.fr\/?post_type=product&#038;p=153"},"modified":"2026-07-28T15:16:33","modified_gmt":"2026-07-28T13:16:33","slug":"location-echelle-2-plans-a-morcenx-la-nouvelle-dans-les-landes","status":"publish","type":"product","link":"https:\/\/landeco-preproduction.fr\/locationbrassenx.fr\/produit\/location-echelle-2-plans-a-morcenx-la-nouvelle-dans-les-landes\/","title":{"rendered":"Location ECHELLE 2 PLANS<br \/>\u00e0 Morcenx la Nouvelle dans les Landes"},"content":{"rendered":"","protected":false},"excerpt":{"rendered":"<p>Besoin d&rsquo;une \u00e9chelle 2 plans pour votre chantier dans le secteur de Morcenx la Nouvelle, dans les Landes ?<\/p>\n<p>Acheter ce type de mat\u00e9riel pour une utilisation unique n&rsquo;est pas rentable. Avez vous pens\u00e9 \u00e0 louer ?<\/p>\n<p>Location du Brassenx \u00e0 Morcenx la Nouvelle vous propose la location d&rsquo;une \u00e9chelle 2 plans le temps de vos travaux.<\/p>\n<p>Pour intervenir en hauteur en toute s\u00e9curit\u00e9, cette \u00e9chelle est \u00e9quip\u00e9e de 2 pieds articul\u00e9s avec des larges patins antid\u00e9rapants, 2 stabilisateurs \u00e0 r\u00e9glage millim\u00e9trique pour une adaptation \u00e0 tous types d\u2019environnements de travail viendront s\u00e9curiser l\u2019ensemble pour \u00e9viter tous faux pas.<\/p>\n<p>Nous vous laissons le choix sur 2 \u00e9chelles afin de r\u00e9pondre au mieux \u00e0 votre besoin :<\/p>\n<p>-1 \u00e9chelle de 3 \u00e0 5m d\u00e9ploy\u00e9e<\/p>\n<p>-1 \u00e9chelle de 4.65 \u00e0 8m d\u00e9ploy\u00e9e<\/p>\n<p>En int\u00e9rieur ou ext\u00e9rieur, pour vos travaux de peinture, de nettoyage la pose de goutti\u00e8res, l&rsquo;acc\u00e8s aux toiture&#8230; Une \u00e9chelle \u00e0 2 plans est la solution s\u00e9curit\u00e9 la mieux adapt\u00e9e.<\/p>\n<p>&nbsp;<\/p>\n<p><strong>Tarifs de location TTC (hors assurance) :<\/strong><\/p>\n<p>Journ\u00e9e : 34\u20ac<\/p>\n<p>Week-end : 51\u20ac<\/p>\n<p>&nbsp;<\/p>\n<p>Pour vos travaux, \u00e0 Morcenx la Nouvelle dans les Landes, Location du Brassenx accompagne les particuliers et les professionnels.<\/p>\n<p>N\u2019h\u00e9sitez pas \u00e0 nous contacter pour toute demande de location.<\/p>\n","protected":false},"featured_media":161,"template":"","meta":{"_acf_changed":false},"product_brand":[],"product_cat":[21],"product_tag":[],"class_list":["post-153","product","type-product","status-publish","has-post-thumbnail","product_cat-materiel-elevation-a-louer-dans-les-landes","first","instock","shipping-taxable","product-type-simple"],"acf":[],"_links":{"self":[{"href":"https:\/\/landeco-preproduction.fr\/locationbrassenx.fr\/wp-json\/wp\/v2\/product\/153","targetHints":{"allow":["GET"]}}],"collection":[{"href":"https:\/\/landeco-preproduction.fr\/locationbrassenx.fr\/wp-json\/wp\/v2\/product"}],"about":[{"href":"https:\/\/landeco-preproduction.fr\/locationbrassenx.fr\/wp-json\/wp\/v2\/types\/product"}],"version-history":[{"count":5,"href":"https:\/\/landeco-preproduction.fr\/locationbrassenx.fr\/wp-json\/wp\/v2\/product\/153\/revisions"}],"predecessor-version":[{"id":3124,"href":"https:\/\/landeco-preproduction.fr\/locationbrassenx.fr\/wp-json\/wp\/v2\/product\/153\/revisions\/3124"}],"wp:featuredmedia":[{"embeddable":true,"href":"https:\/\/landeco-preproduction.fr\/locationbrassenx.fr\/wp-json\/wp\/v2\/media\/161"}],"wp:attachment":[{"href":"https:\/\/landeco-preproduction.fr\/locationbrassenx.fr\/wp-json\/wp\/v2\/media?parent=153"}],"wp:term":[{"taxonomy":"product_brand","embeddable":true,"href":"https:\/\/landeco-preproduction.fr\/locationbrassenx.fr\/wp-json\/wp\/v2\/product_brand?post=153"},{"taxonomy":"product_cat","embeddable":true,"href":"https:\/\/landeco-preproduction.fr\/locationbrassenx.fr\/wp-json\/wp\/v2\/product_cat?post=153"},{"taxonomy":"product_tag","embeddable":true,"href":"https:\/\/landeco-preproduction.fr\/locationbrassenx.fr\/wp-json\/wp\/v2\/product_tag?post=153"}],"curies":[{"name":"wp","href":"https:\/\/api.w.org\/{rel}","templated":true}]}}

Location ECHELLE 2 PLANS<br />à Morcenx la Nouvelle dans les Landes

<p>Besoin d&rsquo;une échelle 2 plans pour votre chantier dans le secteur de Morcenx la Nouvelle, dans les Landes ?</p>
<p>Acheter ce type de matériel pour une utilisation unique n&rsquo;est pas rentable. Avez vous pensé à louer ?</p>
<p>Location du Brassenx à Morcenx la Nouvelle vous propose la location d&rsquo;une échelle 2 plans le temps de vos travaux.</p>
<p>Pour intervenir en hauteur en toute sécurité, cette échelle est équipée de 2 pieds articulés avec des larges patins antidérapants, 2 stabilisateurs à réglage millimétrique pour une adaptation à tous types d’environnements de travail viendront sécuriser l’ensemble pour éviter tous faux pas.</p>
<p>Nous vous laissons le choix sur 2 échelles afin de répondre au mieux à votre besoin :</p>
<p>-1 échelle de 3 à 5m déployée</p>
<p>-1 échelle de 4.65 à 8m déployée</p>
<p>En intérieur ou extérieur, pour vos travaux de peinture, de nettoyage la pose de gouttières, l&rsquo;accès aux toiture&#8230; Une échelle à 2 plans est la solution sécurité la mieux adaptée.</p>
<p>&nbsp;</p>
<p><strong>Tarifs de location TTC (hors assurance) :</strong></p>
<p>Journée : 34€</p>
<p>Week-end : 51€</p>
<p>&nbsp;</p>
<p>Pour vos travaux, à Morcenx la Nouvelle dans les Landes, Location du Brassenx accompagne les particuliers et les professionnels.</p>
<p>N’hésitez pas à nous contacter pour toute demande de location.</p>
