{"id":145,"date":"2026-02-12T16:09:37","date_gmt":"2026-02-12T15:09:37","guid":{"rendered":"https:\/\/landeco-preproduction.fr\/locationbrassenx.fr\/?post_type=product&#038;p=145"},"modified":"2026-07-28T17:53:05","modified_gmt":"2026-07-28T15:53:05","slug":"location-de-nacelle-tractable-12m-a-morcenx-la-nouvelle-dans-les-landes","status":"publish","type":"product","link":"https:\/\/landeco-preproduction.fr\/locationbrassenx.fr\/produit\/location-de-nacelle-tractable-12m-a-morcenx-la-nouvelle-dans-les-landes\/","title":{"rendered":"Location NACELLE TRACTABLE 12M<br \/>\u00e0 Morcenx la Nouvelle dans les Landes"},"content":{"rendered":"","protected":false},"excerpt":{"rendered":"<p>Vous recherchez une nacelle tractable pour des travaux dans le secteur de Morcenx la nouvelle dans les Landes ?<\/p>\n<p>Location du Brassenx \u00e0 Morcenx la Nouvelle dans les Landes vous propose cette nacelle tractable bi-\u00e9nergie (\u00e9lectrique et SP95), tractable, permettant le travail de 2 personnes jusqu&rsquo;\u00e0 une hauteur de 12m.<\/p>\n<p>Tr\u00e8s maniable, cette nacelle tractable 12m est rapidement mise en place.<\/p>\n<p>Id\u00e9ale pour les lieux pr\u00e9sentant des contraintes d&rsquo;acc\u00e8s (encombrement, charge au sol admissible), c&rsquo;est aussi l&rsquo;outil id\u00e9al pour travailler sans bruit, par confort ou obligation (zone habit\u00e9e, travail dimanche ou jours f\u00e9ri\u00e9s).<\/p>\n<p>Caract\u00e9ristiques de la nacelle<\/p>\n<p>Longueur : 4.5 m<\/p>\n<p>Largeur : 1.5 m<\/p>\n<p>Hauteur : 1.9 m avant d\u00e9ploiement<\/p>\n<p>Hauteur de travail maxi : 12.2 m<\/p>\n<p>Charge maximale de s\u00e9curit\u00e9 : 200kg<\/p>\n<p>Poids de l&rsquo;ensemble tract\u00e9 : 1400kg<\/p>\n<p>2 roues motoris\u00e9es permettant le d\u00e9placement de l&rsquo;engin \u00e0 l&rsquo;endroit voulu sans effort.<\/p>\n<p>&nbsp;<\/p>\n<p><strong>Tarifs de location TTC (hors assurance) :<\/strong><\/p>\n<p>Journ\u00e9e : 184\u20ac<\/p>\n<p>Week-end : 240\u20ac<\/p>\n<p>&nbsp;<\/p>\n<p>Pour vos travaux dans les Landes, \u00e0 Morcenx la Nouvelle pr\u00e8s de Mont de Marsan, Location du Brassenx accompagne les particuliers et les professionnels.<\/p>\n<p>N\u2019h\u00e9sitez pas \u00e0 nous contacter pour toute demande de location.<\/p>\n<p>Nous pouvons \u00e9galement livrer sur votre chantier.<\/p>\n<p>Consultez notre rubrique SERVICE DE LIVRAISON<\/p>\n","protected":false},"featured_media":3132,"template":"","meta":{"_acf_changed":false},"product_brand":[],"product_cat":[21],"product_tag":[],"class_list":["post-145","product","type-product","status-publish","has-post-thumbnail","product_cat-materiel-elevation-a-louer-dans-les-landes","first","instock","shipping-taxable","product-type-simple"],"acf":[],"_links":{"self":[{"href":"https:\/\/landeco-preproduction.fr\/locationbrassenx.fr\/wp-json\/wp\/v2\/product\/145","targetHints":{"allow":["GET"]}}],"collection":[{"href":"https:\/\/landeco-preproduction.fr\/locationbrassenx.fr\/wp-json\/wp\/v2\/product"}],"about":[{"href":"https:\/\/landeco-preproduction.fr\/locationbrassenx.fr\/wp-json\/wp\/v2\/types\/product"}],"version-history":[{"count":3,"href":"https:\/\/landeco-preproduction.fr\/locationbrassenx.fr\/wp-json\/wp\/v2\/product\/145\/revisions"}],"predecessor-version":[{"id":3133,"href":"https:\/\/landeco-preproduction.fr\/locationbrassenx.fr\/wp-json\/wp\/v2\/product\/145\/revisions\/3133"}],"wp:featuredmedia":[{"embeddable":true,"href":"https:\/\/landeco-preproduction.fr\/locationbrassenx.fr\/wp-json\/wp\/v2\/media\/3132"}],"wp:attachment":[{"href":"https:\/\/landeco-preproduction.fr\/locationbrassenx.fr\/wp-json\/wp\/v2\/media?parent=145"}],"wp:term":[{"taxonomy":"product_brand","embeddable":true,"href":"https:\/\/landeco-preproduction.fr\/locationbrassenx.fr\/wp-json\/wp\/v2\/product_brand?post=145"},{"taxonomy":"product_cat","embeddable":true,"href":"https:\/\/landeco-preproduction.fr\/locationbrassenx.fr\/wp-json\/wp\/v2\/product_cat?post=145"},{"taxonomy":"product_tag","embeddable":true,"href":"https:\/\/landeco-preproduction.fr\/locationbrassenx.fr\/wp-json\/wp\/v2\/product_tag?post=145"}],"curies":[{"name":"wp","href":"https:\/\/api.w.org\/{rel}","templated":true}]}}

Location NACELLE TRACTABLE 12M<br />à Morcenx la Nouvelle dans les Landes

<p>Vous recherchez une nacelle tractable pour des travaux dans le secteur de Morcenx la nouvelle dans les Landes ?</p>
<p>Location du Brassenx à Morcenx la Nouvelle dans les Landes vous propose cette nacelle tractable bi-énergie (électrique et SP95), tractable, permettant le travail de 2 personnes jusqu&rsquo;à une hauteur de 12m.</p>
<p>Très maniable, cette nacelle tractable 12m est rapidement mise en place.</p>
<p>Idéale pour les lieux présentant des contraintes d&rsquo;accès (encombrement, charge au sol admissible), c&rsquo;est aussi l&rsquo;outil idéal pour travailler sans bruit, par confort ou obligation (zone habitée, travail dimanche ou jours fériés).</p>
<p>Caractéristiques de la nacelle</p>
<p>Longueur : 4.5 m</p>
<p>Largeur : 1.5 m</p>
<p>Hauteur : 1.9 m avant déploiement</p>
<p>Hauteur de travail maxi : 12.2 m</p>
<p>Charge maximale de sécurité : 200kg</p>
<p>Poids de l&rsquo;ensemble tracté : 1400kg</p>
<p>2 roues motorisées permettant le déplacement de l&rsquo;engin à l&rsquo;endroit voulu sans effort.</p>
<p>&nbsp;</p>
<p><strong>Tarifs de location TTC (hors assurance) :</strong></p>
<p>Journée : 184€</p>
<p>Week-end : 240€</p>
<p>&nbsp;</p>
<p>Pour vos travaux dans les Landes, à Morcenx la Nouvelle près de Mont de Marsan, Location du Brassenx accompagne les particuliers et les professionnels.</p>
<p>N’hésitez pas à nous contacter pour toute demande de location.</p>
<p>Nous pouvons également livrer sur votre chantier.</p>
<p>Consultez notre rubrique SERVICE DE LIVRAISON</p>
