{"id":144,"date":"2026-02-12T16:06:52","date_gmt":"2026-02-12T15:06:52","guid":{"rendered":"https:\/\/landeco-preproduction.fr\/locationbrassenx.fr\/?post_type=product&#038;p=144"},"modified":"2026-07-28T18:01:03","modified_gmt":"2026-07-28T16:01:03","slug":"location-camion-vl-nacelle-20m-a-morcenx-la-nouvelle-dans-les-landes","status":"publish","type":"product","link":"https:\/\/landeco-preproduction.fr\/locationbrassenx.fr\/produit\/location-camion-vl-nacelle-20m-a-morcenx-la-nouvelle-dans-les-landes\/","title":{"rendered":"Location CAMION VL NACELLE 20M<br \/>\u00e0 Morcenx la Nouvelle dans les Landes"},"content":{"rendered":"","protected":false},"excerpt":{"rendered":"<p>Location du Brassenx \u00e0 Morcenx la Nouvelle dans les landes vous propose \u00e0 la location ce Camion Iveco VL avec nacelle articul\u00e9e 20 M.<\/p>\n<p>Id\u00e9ale pour les travaux en hauteur, ce CAMION NACELLE port\u00e9e sur VL permet d\u2019\u00e9lever les personnes jusqu\u2019\u00e0 une hauteur de 20 m.<\/p>\n<p>Engin polyvalent destin\u00e9 \u00e0 l\u2019ext\u00e9rieur, notre camion nacelle 20m se conduit avec un simple permis B et conviendra, par exemple, pour l\u2019entretien de vos v\u00e9g\u00e9taux (arbres, haies\u2026), la mise en place de d\u00e9corations ou enseignes, la pose de c\u00e2bles ou maintenance d&rsquo;\u00e9clairage public, le nettoyage de fa\u00e7ades &#8230;<\/p>\n<p>Le d\u00e9ploiement de la nacelle se fait uniquement avec stabilisateurs, ce qui garantit la s\u00e9curit\u00e9 des travailleurs.<\/p>\n<p>Caract\u00e9ristiques :<\/p>\n<p>Hauteur de travail : 20m<\/p>\n<p>Charge max : 200 &#8211; 265 kg<\/p>\n<p>D\u00e9port max : 7,00 &#8211; 9,65 m<\/p>\n<p>Hauteur repli\u00e9e : 2,41 &#8211; 3,30 m<\/p>\n<p>Largeur : 2,20 &#8211; 2,89 m<\/p>\n<p>Largeur panier : 0,66 &#8211; 0,70 m<\/p>\n<p>Longueur : 5,98 &#8211; 7,28 m<\/p>\n<p>Longueur panier : 1,40 &#8211; 1,60 m<\/p>\n<p>Poids : 3350 &#8211; 3500 kg<\/p>\n<p>&nbsp;<\/p>\n<p><strong>Tarifs de location TTC (hors assurance) :<\/strong><\/p>\n<p>Journ\u00e9e : 294\u20ac<\/p>\n<p>Week-end : 353\u20ac<\/p>\n<p>&nbsp;<\/p>\n<p>Pour vos travaux dans les Landes, \u00e0 Morcenx la Nouvelle pr\u00e8s de Mont de Marsan, Location du Brassenx accompagne les particuliers et les professionnels.<\/p>\n<p>N\u2019h\u00e9sitez pas \u00e0 nous contacter pour toute demande de location de ce CAMION NACELLE 20M lors de vos prochains travaux dans le secteur de Morcenx la Nouvelle dans les Landes<\/p>\n<p>https:\/\/youtu.be\/zTAWlddJoxc<\/p>\n","protected":false},"featured_media":3136,"template":"","meta":{"_acf_changed":false},"product_brand":[],"product_cat":[21],"product_tag":[],"class_list":["post-144","product","type-product","status-publish","has-post-thumbnail","product_cat-materiel-elevation-a-louer-dans-les-landes","first","instock","shipping-taxable","product-type-simple"],"acf":[],"_links":{"self":[{"href":"https:\/\/landeco-preproduction.fr\/locationbrassenx.fr\/wp-json\/wp\/v2\/product\/144","targetHints":{"allow":["GET"]}}],"collection":[{"href":"https:\/\/landeco-preproduction.fr\/locationbrassenx.fr\/wp-json\/wp\/v2\/product"}],"about":[{"href":"https:\/\/landeco-preproduction.fr\/locationbrassenx.fr\/wp-json\/wp\/v2\/types\/product"}],"version-history":[{"count":4,"href":"https:\/\/landeco-preproduction.fr\/locationbrassenx.fr\/wp-json\/wp\/v2\/product\/144\/revisions"}],"predecessor-version":[{"id":3137,"href":"https:\/\/landeco-preproduction.fr\/locationbrassenx.fr\/wp-json\/wp\/v2\/product\/144\/revisions\/3137"}],"wp:featuredmedia":[{"embeddable":true,"href":"https:\/\/landeco-preproduction.fr\/locationbrassenx.fr\/wp-json\/wp\/v2\/media\/3136"}],"wp:attachment":[{"href":"https:\/\/landeco-preproduction.fr\/locationbrassenx.fr\/wp-json\/wp\/v2\/media?parent=144"}],"wp:term":[{"taxonomy":"product_brand","embeddable":true,"href":"https:\/\/landeco-preproduction.fr\/locationbrassenx.fr\/wp-json\/wp\/v2\/product_brand?post=144"},{"taxonomy":"product_cat","embeddable":true,"href":"https:\/\/landeco-preproduction.fr\/locationbrassenx.fr\/wp-json\/wp\/v2\/product_cat?post=144"},{"taxonomy":"product_tag","embeddable":true,"href":"https:\/\/landeco-preproduction.fr\/locationbrassenx.fr\/wp-json\/wp\/v2\/product_tag?post=144"}],"curies":[{"name":"wp","href":"https:\/\/api.w.org\/{rel}","templated":true}]}}

Location CAMION VL NACELLE 20M<br />à Morcenx la Nouvelle dans les Landes

<p>Location du Brassenx à Morcenx la Nouvelle dans les landes vous propose à la location ce Camion Iveco VL avec nacelle articulée 20 M.</p>
<p>Idéale pour les travaux en hauteur, ce CAMION NACELLE portée sur VL permet d’élever les personnes jusqu’à une hauteur de 20 m.</p>
<p>Engin polyvalent destiné à l’extérieur, notre camion nacelle 20m se conduit avec un simple permis B et conviendra, par exemple, pour l’entretien de vos végétaux (arbres, haies…), la mise en place de décorations ou enseignes, la pose de câbles ou maintenance d&rsquo;éclairage public, le nettoyage de façades &#8230;</p>
<p>Le déploiement de la nacelle se fait uniquement avec stabilisateurs, ce qui garantit la sécurité des travailleurs.</p>
<p>Caractéristiques :</p>
<p>Hauteur de travail : 20m</p>
<p>Charge max : 200 &#8211; 265 kg</p>
<p>Déport max : 7,00 &#8211; 9,65 m</p>
<p>Hauteur repliée : 2,41 &#8211; 3,30 m</p>
<p>Largeur : 2,20 &#8211; 2,89 m</p>
<p>Largeur panier : 0,66 &#8211; 0,70 m</p>
<p>Longueur : 5,98 &#8211; 7,28 m</p>
<p>Longueur panier : 1,40 &#8211; 1,60 m</p>
<p>Poids : 3350 &#8211; 3500 kg</p>
<p>&nbsp;</p>
<p><strong>Tarifs de location TTC (hors assurance) :</strong></p>
<p>Journée : 294€</p>
<p>Week-end : 353€</p>
<p>&nbsp;</p>
<p>Pour vos travaux dans les Landes, à Morcenx la Nouvelle près de Mont de Marsan, Location du Brassenx accompagne les particuliers et les professionnels.</p>
<p>N’hésitez pas à nous contacter pour toute demande de location de ce CAMION NACELLE 20M lors de vos prochains travaux dans le secteur de Morcenx la Nouvelle dans les Landes</p>
<p>https://youtu.be/zTAWlddJoxc</p>
